{"id":358,"date":"2025-12-27T18:38:12","date_gmt":"2025-12-27T17:38:12","guid":{"rendered":"http:\/\/photosbj.ddns.net\/wordpress\/?page_id=358"},"modified":"2026-03-28T15:31:18","modified_gmt":"2026-03-28T14:31:18","slug":"kayak-de-mer","status":"publish","type":"page","link":"https:\/\/kayakbaie-morlaix.ddns.net\/index.php\/kayak-de-mer\/","title":{"rendered":"Kayak de mer"},"content":{"rendered":"\n<ul class=\"wp-block-social-links aligncenter has-normal-icon-size is-content-justification-center is-layout-flex wp-container-core-social-links-is-layout-16018d1d wp-block-social-links-is-layout-flex\"><li class=\"wp-social-link wp-social-link-facebook  wp-block-social-link\"><a rel=\"noopener nofollow\" target=\"_blank\" href=\"https:\/\/www.facebook.com\/profile.php?id=61580003081291\" class=\"wp-block-social-link-anchor\"><svg width=\"24\" height=\"24\" viewBox=\"0 0 24 24\" version=\"1.1\" xmlns=\"http:\/\/www.w3.org\/2000\/svg\" aria-hidden=\"true\" focusable=\"false\"><path d=\"M12 2C6.5 2 2 6.5 2 12c0 5 3.7 9.1 8.4 9.9v-7H7.9V12h2.5V9.8c0-2.5 1.5-3.9 3.8-3.9 1.1 0 2.2.2 2.2.2v2.5h-1.3c-1.2 0-1.6.8-1.6 1.6V12h2.8l-.4 2.9h-2.3v7C18.3 21.1 22 17 22 12c0-5.5-4.5-10-10-10z\"><\/path><\/svg><span class=\"wp-block-social-link-label screen-reader-text\">Facebook<\/span><\/a><\/li>\n\n<li class=\"wp-social-link wp-social-link-instagram  wp-block-social-link\"><a rel=\"noopener nofollow\" target=\"_blank\" href=\"https:\/\/www.instagram.com\/nicokayak29\/\" class=\"wp-block-social-link-anchor\"><svg width=\"24\" height=\"24\" viewBox=\"0 0 24 24\" version=\"1.1\" xmlns=\"http:\/\/www.w3.org\/2000\/svg\" aria-hidden=\"true\" focusable=\"false\"><path d=\"M12,4.622c2.403,0,2.688,0.009,3.637,0.052c0.877,0.04,1.354,0.187,1.671,0.31c0.42,0.163,0.72,0.358,1.035,0.673 c0.315,0.315,0.51,0.615,0.673,1.035c0.123,0.317,0.27,0.794,0.31,1.671c0.043,0.949,0.052,1.234,0.052,3.637 s-0.009,2.688-0.052,3.637c-0.04,0.877-0.187,1.354-0.31,1.671c-0.163,0.42-0.358,0.72-0.673,1.035 c-0.315,0.315-0.615,0.51-1.035,0.673c-0.317,0.123-0.794,0.27-1.671,0.31c-0.949,0.043-1.233,0.052-3.637,0.052 s-2.688-0.009-3.637-0.052c-0.877-0.04-1.354-0.187-1.671-0.31c-0.42-0.163-0.72-0.358-1.035-0.673 c-0.315-0.315-0.51-0.615-0.673-1.035c-0.123-0.317-0.27-0.794-0.31-1.671C4.631,14.688,4.622,14.403,4.622,12 s0.009-2.688,0.052-3.637c0.04-0.877,0.187-1.354,0.31-1.671c0.163-0.42,0.358-0.72,0.673-1.035 c0.315-0.315,0.615-0.51,1.035-0.673c0.317-0.123,0.794-0.27,1.671-0.31C9.312,4.631,9.597,4.622,12,4.622 M12,3 C9.556,3,9.249,3.01,8.289,3.054C7.331,3.098,6.677,3.25,6.105,3.472C5.513,3.702,5.011,4.01,4.511,4.511 c-0.5,0.5-0.808,1.002-1.038,1.594C3.25,6.677,3.098,7.331,3.054,8.289C3.01,9.249,3,9.556,3,12c0,2.444,0.01,2.751,0.054,3.711 c0.044,0.958,0.196,1.612,0.418,2.185c0.23,0.592,0.538,1.094,1.038,1.594c0.5,0.5,1.002,0.808,1.594,1.038 c0.572,0.222,1.227,0.375,2.185,0.418C9.249,20.99,9.556,21,12,21s2.751-0.01,3.711-0.054c0.958-0.044,1.612-0.196,2.185-0.418 c0.592-0.23,1.094-0.538,1.594-1.038c0.5-0.5,0.808-1.002,1.038-1.594c0.222-0.572,0.375-1.227,0.418-2.185 C20.99,14.751,21,14.444,21,12s-0.01-2.751-0.054-3.711c-0.044-0.958-0.196-1.612-0.418-2.185c-0.23-0.592-0.538-1.094-1.038-1.594 c-0.5-0.5-1.002-0.808-1.594-1.038c-0.572-0.222-1.227-0.375-2.185-0.418C14.751,3.01,14.444,3,12,3L12,3z M12,7.378 c-2.552,0-4.622,2.069-4.622,4.622S9.448,16.622,12,16.622s4.622-2.069,4.622-4.622S14.552,7.378,12,7.378z M12,15 c-1.657,0-3-1.343-3-3s1.343-3,3-3s3,1.343,3,3S13.657,15,12,15z M16.804,6.116c-0.596,0-1.08,0.484-1.08,1.08 s0.484,1.08,1.08,1.08c0.596,0,1.08-0.484,1.08-1.08S17.401,6.116,16.804,6.116z\"><\/path><\/svg><span class=\"wp-block-social-link-label screen-reader-text\">Instagram<\/span><\/a><\/li><\/ul>\n\n\n\n<h3 class=\"wp-block-heading has-text-align-center has-black-color has-text-color has-background has-link-color wp-elements-a97bb00cd749b4022b6373e030178a46\" id=\"groupe\" style=\"background-color:#bff8ea;font-size:17px\"><strong>Formule \u00ab\u00a0groupe\u00a0\u00bb<\/strong>: Naviguer en kayak de mer au sein d&rsquo;un groupe de 3 \u00e0 10 personnes. <strong>30 <\/strong>\u20ac par personne. <a href=\"https:\/\/kayakbaie-morlaix.ddns.net\/index.php\/infos-des-sorties\/#groupe\">En savoir plus &#8230;<\/a><\/h3>\n\n\n<div class=\"wp-block-image is-style-rounded\">\n<figure class=\"aligncenter size-large is-resized\"><img loading=\"lazy\" decoding=\"async\" width=\"1024\" height=\"370\" src=\"https:\/\/kayakbaie-morlaix.ddns.net\/wp-content\/uploads\/2026\/01\/1762688342931-1024x370.jpg\" alt=\"Embarquement collectif sur des kayaks de mer vari\u00e9s\" class=\"wp-image-657\" style=\"aspect-ratio:2.7677015426321563;width:341px;height:auto\" title=\"Embarquement collectif\" srcset=\"https:\/\/kayakbaie-morlaix.ddns.net\/wp-content\/uploads\/2026\/01\/1762688342931-1024x370.jpg 1024w, https:\/\/kayakbaie-morlaix.ddns.net\/wp-content\/uploads\/2026\/01\/1762688342931-300x108.jpg 300w, https:\/\/kayakbaie-morlaix.ddns.net\/wp-content\/uploads\/2026\/01\/1762688342931-768x277.jpg 768w, https:\/\/kayakbaie-morlaix.ddns.net\/wp-content\/uploads\/2026\/01\/1762688342931-1536x555.jpg 1536w, https:\/\/kayakbaie-morlaix.ddns.net\/wp-content\/uploads\/2026\/01\/1762688342931-2048x739.jpg 2048w\" sizes=\"auto, (max-width: 1024px) 100vw, 1024px\" \/><\/figure>\n<\/div>\n\n\n<h3 class=\"wp-block-heading has-text-align-center has-black-color has-text-color has-background has-link-color wp-elements-e0893ef19fc70d182acdb6df75e3cba0\" id=\"particulier\" style=\"background-color:#d2fbf6;font-size:17px\"><strong>Formule \u00ab\u00a0cours particulier\u00a0\u00bb<\/strong>: Pour une ou deux personnes: <strong>60 \u20ac <\/strong>par personne. <a href=\"https:\/\/kayakbaie-morlaix.ddns.net\/index.php\/infos-des-sorties\/#particulier\">En savoir plus&#8230;<\/a><\/h3>\n\n\n<div class=\"wp-block-image is-style-rounded\">\n<figure class=\"aligncenter size-large is-resized\"><img loading=\"lazy\" decoding=\"async\" width=\"1024\" height=\"463\" src=\"https:\/\/kayakbaie-morlaix.ddns.net\/wp-content\/uploads\/2026\/01\/1762685311654-1024x463.jpg\" alt=\"Navigation en kayak de mer par temps calme et sous le soleil.\" class=\"wp-image-659\" style=\"aspect-ratio:2.211677326181143;width:341px;height:auto\" title=\"Navigation en cours particulier\" srcset=\"https:\/\/kayakbaie-morlaix.ddns.net\/wp-content\/uploads\/2026\/01\/1762685311654-1024x463.jpg 1024w, https:\/\/kayakbaie-morlaix.ddns.net\/wp-content\/uploads\/2026\/01\/1762685311654-300x136.jpg 300w, https:\/\/kayakbaie-morlaix.ddns.net\/wp-content\/uploads\/2026\/01\/1762685311654-768x347.jpg 768w, https:\/\/kayakbaie-morlaix.ddns.net\/wp-content\/uploads\/2026\/01\/1762685311654-1536x694.jpg 1536w, https:\/\/kayakbaie-morlaix.ddns.net\/wp-content\/uploads\/2026\/01\/1762685311654-2048x926.jpg 2048w\" sizes=\"auto, (max-width: 1024px) 100vw, 1024px\" \/><\/figure>\n<\/div>\n\n\n<h3 class=\"wp-block-heading has-text-align-center has-black-color has-text-color has-background has-link-color wp-elements-9cd07f7ad67472273f23834a6c49a8ed\" id=\"famille\" style=\"background-color:#b4ffff;font-size:17px\"><strong>Formule \u00ab\u00a0famille\u00a0\u00bb<\/strong>: Pour deux adultes et les enfants. <strong>120 <\/strong>\u20ac. <a href=\"https:\/\/kayakbaie-morlaix.ddns.net\/index.php\/infos-des-sorties\/#famille\">En savoir plus&#8230;<\/a><\/h3>\n\n\n<div class=\"wp-block-image is-style-rounded\">\n<figure class=\"aligncenter size-large is-resized\"><img loading=\"lazy\" decoding=\"async\" width=\"1024\" height=\"283\" src=\"https:\/\/kayakbaie-morlaix.ddns.net\/wp-content\/uploads\/2026\/01\/1762702318612-1024x283.jpg\" alt=\"Navigation en groupe en kayak de mer \" class=\"wp-image-660\" style=\"aspect-ratio:3.618565400843882;width:351px;height:auto\" title=\"En famille\" srcset=\"https:\/\/kayakbaie-morlaix.ddns.net\/wp-content\/uploads\/2026\/01\/1762702318612-1024x283.jpg 1024w, https:\/\/kayakbaie-morlaix.ddns.net\/wp-content\/uploads\/2026\/01\/1762702318612-300x83.jpg 300w, https:\/\/kayakbaie-morlaix.ddns.net\/wp-content\/uploads\/2026\/01\/1762702318612-768x212.jpg 768w, https:\/\/kayakbaie-morlaix.ddns.net\/wp-content\/uploads\/2026\/01\/1762702318612-1536x424.jpg 1536w, https:\/\/kayakbaie-morlaix.ddns.net\/wp-content\/uploads\/2026\/01\/1762702318612-2048x566.jpg 2048w\" sizes=\"auto, (max-width: 1024px) 100vw, 1024px\" \/><\/figure>\n<\/div>\n\n\n<h3 class=\"wp-block-heading has-text-align-center has-black-color has-text-color has-background has-link-color wp-elements-fac13023161e8d910656cafdb7eedd42\" id=\"famille_elargie\" style=\"background-color:#bdffcc;font-size:17px\"><strong>Formule \u00ab\u00a0famille \u00e9largie\u00a0\u00bb<\/strong>: Grands-parents, enfants, petits-enfants, cousins, oncles\u2026 <strong>30 \u20ac par personne<\/strong> jusqu&rsquo;\u00e0 4, puis <strong>15 \u20ac par personne suppl\u00e9mentaire<\/strong>. <a href=\"https:\/\/kayakbaie-morlaix.ddns.net\/index.php\/infos-des-sorties\/#famille_elargie\">En savoir plus&#8230;<\/a><\/h3>\n\n\n\n<div class=\"wp-block-group has-background\" style=\"background-color:#a7ffef\"><div class=\"wp-block-group__inner-container is-layout-constrained wp-block-group-is-layout-constrained\">\n<h3 class=\"wp-block-heading has-text-align-center has-black-color has-text-color has-link-color has-medium-font-size wp-elements-e72ec58903e5c4e3c5f9f286a727e429\" id=\"abonnement\"><strong> <a href=\"https:\/\/kayakbaie-morlaix.ddns.net\/index.php\/infos-des-sorties\/#abonnement\">Un abonnement :<\/a><\/strong><\/h3>\n\n\n\n<ul class=\"wp-block-list\">\n<li style=\"font-size:17px\">Formule 5 s\u00e9ances: 110 \u20ac<\/li>\n\n\n\n<li style=\"font-size:17px\">Formule 10 s\u00e9ances: 180 \u20ac<\/li>\n\n\n\n<li class=\"has-black-color has-text-color has-link-color wp-elements-3151ea6694e485426e6a3dac7c09eca1\" style=\"font-size:17px\">Formule 15 s\u00e9ances: 210 \u20ac. <a href=\"https:\/\/kayakbaie-morlaix.ddns.net\/index.php\/infos-des-sorties\/#abonnement\">En savoir plus&#8230;<\/a><\/li>\n<\/ul>\n<\/div><\/div>\n\n\n\n<p class=\"has-text-align-center has-black-color has-text-color has-background has-link-color wp-elements-939cbef748dcc9f4a9dfeaa89840b6b2\" style=\"background-color:#98facb;font-size:28px\"><a href=\"https:\/\/kayakbaie-morlaix.ddns.net\/index.php\/infos-des-sorties-kayak\/#abonnement\"><em><strong>Bon cadeau :<\/strong><\/em> <\/a>Offrez \u00e0 un proche une s\u00e9ance de kayak&#8230;<\/p>\n\n\n\n<p class=\"has-text-align-center\"><a href=\"https:\/\/kayakbaie-morlaix.ddns.net\/index.php\/kayak-mer-contact\/#contact\">Me contacter<\/a><\/p>\n\n\n\n<p><\/p>\n\n\n\n<div class=\"wp-block-group has-background\" style=\"background-color:#89f1d9\"><div class=\"wp-block-group__inner-container is-layout-constrained wp-block-group-is-layout-constrained\">\n<h2 class=\"wp-block-heading has-text-align-center has-black-color has-text-color has-background has-link-color wp-elements-e7312cc6e6926c7a729df65d529e6a19\" style=\"background-color:#a4fbe6;font-size:26px\">Une demande, un devis ?<\/h2>\n\n\n\n<p class=\"has-background\" style=\"background-color:#d0fffa;font-size:17px\">Vous avez une id\u00e9e sp\u00e9cifique en t\u00eate, l&rsquo;envie de naviguer vers un horizon pr\u00e9cis. Vous \u00eates un groupe, vous repr\u00e9sentez une collectivit\u00e9, une association ou un comit\u00e9 d&rsquo;entreprise et d\u00e9sirez naviguer en kayak de mer pour une occasion particuli\u00e8re. Vous souhaitez apprendre, progresser ou vous perfectionner (en technique, navigation ou <a href=\"https:\/\/fr.wikipedia.org\/wiki\/Esquimautage\" target=\"_blank\" rel=\"noreferrer noopener\">esquimautage<\/a>\u2026). Prenons le temps d&rsquo;en \u00e9changer ensemble pour organiser votre aventure ou votre parcours de \u00ab\u00a0formation\u00a0\u00bb personnalis\u00e9 au fil de l&rsquo;estuaire :<\/p>\n\n\n\n<p class=\"has-text-align-center has-black-color has-text-color has-link-color has-medium-font-size wp-elements-3de3266703b1de30f5e02d95352385e2\">N&rsquo;h\u00e9sitez pas \u00e0 me <a href=\"https:\/\/kayakbaie-morlaix.ddns.net\/index.php\/kayak-mer-contact\/\/#contact\">contacter<\/a> pour en \u00e9changer.<\/p>\n<\/div><\/div>\n\n\n\n<p><\/p>\n","protected":false},"excerpt":{"rendered":"<p>Formule \u00ab\u00a0groupe\u00a0\u00bb: Naviguer en kayak de mer au sein d&rsquo;un groupe de 3 \u00e0 10 personnes. 30 \u20ac par personne. En savoir plus &#8230; Formule \u00ab\u00a0cours particulier\u00a0\u00bb: Pour une ou deux personnes: 60 \u20ac par personne. En savoir plus&#8230; Formule &hellip; <a href=\"https:\/\/kayakbaie-morlaix.ddns.net\/index.php\/kayak-de-mer\/\">Continuer la lecture <span class=\"meta-nav\">&rarr;<\/span><\/a><\/p>\n","protected":false},"author":1,"featured_media":0,"parent":0,"menu_order":0,"comment_status":"closed","ping_status":"closed","template":"","meta":{"footnotes":""},"class_list":["post-358","page","type-page","status-publish","hentry"],"yoast_head":"<!-- This site is optimized with the Yoast SEO plugin v27.3 - https:\/\/yoast.com\/product\/yoast-seo-wordpress\/ -->\n<title>kayak de mer ... au fil de l&#039;estuaire &#8211; % %Kayak de mer<\/title>\n<meta name=\"description\" content=\"kayak de mer ... au fil de l&#039;estuaire % navigation en Kayak de mer en baie de Morlaix\" \/>\n<meta name=\"robots\" content=\"index, follow, max-snippet:-1, max-image-preview:large, max-video-preview:-1\" \/>\n<link rel=\"canonical\" href=\"https:\/\/kayakbaie-morlaix.ddns.net\/index.php\/kayak-de-mer\/\" \/>\n<meta property=\"og:locale\" content=\"fr_FR\" \/>\n<meta property=\"og:type\" content=\"article\" \/>\n<meta property=\"og:title\" content=\"kayak de mer ... au fil de l&#039;estuaire &#8211; % %Kayak de mer\" \/>\n<meta property=\"og:description\" content=\"kayak de mer ... au fil de l&#039;estuaire % navigation en Kayak de mer en baie de Morlaix\" \/>\n<meta property=\"og:url\" content=\"https:\/\/kayakbaie-morlaix.ddns.net\/index.php\/kayak-de-mer\/\" \/>\n<meta property=\"og:site_name\" content=\"kayak de mer ... au fil de l&#039;estuaire\" \/>\n<meta property=\"article:modified_time\" content=\"2026-03-28T14:31:18+00:00\" \/>\n<meta property=\"og:image\" content=\"https:\/\/kayakbaie-morlaix.ddns.net\/wp-content\/uploads\/2026\/01\/1762688342931-scaled.jpg\" \/>\n\t<meta property=\"og:image:width\" content=\"2560\" \/>\n\t<meta property=\"og:image:height\" content=\"924\" \/>\n\t<meta property=\"og:image:type\" content=\"image\/jpeg\" \/>\n<meta name=\"twitter:card\" content=\"summary_large_image\" \/>\n<meta name=\"twitter:site\" content=\"@nicokayak29\" \/>\n<meta name=\"twitter:label1\" content=\"Dur\u00e9e de lecture estim\u00e9e\" \/>\n\t<meta name=\"twitter:data1\" content=\"2 minutes\" \/>\n<script type=\"application\/ld+json\" class=\"yoast-schema-graph\">{\"@context\":\"https:\\\/\\\/schema.org\",\"@graph\":[{\"@type\":\"WebPage\",\"@id\":\"https:\\\/\\\/kayakbaie-morlaix.ddns.net\\\/index.php\\\/kayak-de-mer\\\/\",\"url\":\"https:\\\/\\\/kayakbaie-morlaix.ddns.net\\\/index.php\\\/kayak-de-mer\\\/\",\"name\":\"kayak de mer ... au fil de l&#039;estuaire &#8211; % %Kayak de mer\",\"isPartOf\":{\"@id\":\"https:\\\/\\\/kayakbaie-morlaix.ddns.net\\\/#website\"},\"primaryImageOfPage\":{\"@id\":\"https:\\\/\\\/kayakbaie-morlaix.ddns.net\\\/index.php\\\/kayak-de-mer\\\/#primaryimage\"},\"image\":{\"@id\":\"https:\\\/\\\/kayakbaie-morlaix.ddns.net\\\/index.php\\\/kayak-de-mer\\\/#primaryimage\"},\"thumbnailUrl\":\"https:\\\/\\\/kayakbaie-morlaix.ddns.net\\\/wp-content\\\/uploads\\\/2026\\\/01\\\/1762688342931-1024x370.jpg\",\"datePublished\":\"2025-12-27T17:38:12+00:00\",\"dateModified\":\"2026-03-28T14:31:18+00:00\",\"description\":\"kayak de mer ... au fil de l&#039;estuaire % navigation en Kayak de mer en baie de Morlaix\",\"breadcrumb\":{\"@id\":\"https:\\\/\\\/kayakbaie-morlaix.ddns.net\\\/index.php\\\/kayak-de-mer\\\/#breadcrumb\"},\"inLanguage\":\"fr-FR\",\"potentialAction\":[{\"@type\":\"ReadAction\",\"target\":[\"https:\\\/\\\/kayakbaie-morlaix.ddns.net\\\/index.php\\\/kayak-de-mer\\\/\"]}]},{\"@type\":\"ImageObject\",\"inLanguage\":\"fr-FR\",\"@id\":\"https:\\\/\\\/kayakbaie-morlaix.ddns.net\\\/index.php\\\/kayak-de-mer\\\/#primaryimage\",\"url\":\"https:\\\/\\\/kayakbaie-morlaix.ddns.net\\\/wp-content\\\/uploads\\\/2026\\\/01\\\/1762688342931-scaled.jpg\",\"contentUrl\":\"https:\\\/\\\/kayakbaie-morlaix.ddns.net\\\/wp-content\\\/uploads\\\/2026\\\/01\\\/1762688342931-scaled.jpg\",\"width\":2560,\"height\":924},{\"@type\":\"BreadcrumbList\",\"@id\":\"https:\\\/\\\/kayakbaie-morlaix.ddns.net\\\/index.php\\\/kayak-de-mer\\\/#breadcrumb\",\"itemListElement\":[{\"@type\":\"ListItem\",\"position\":1,\"name\":\"Accueil\",\"item\":\"https:\\\/\\\/kayakbaie-morlaix.ddns.net\\\/\"},{\"@type\":\"ListItem\",\"position\":2,\"name\":\"Kayak de mer\"}]},{\"@type\":\"WebSite\",\"@id\":\"https:\\\/\\\/kayakbaie-morlaix.ddns.net\\\/#website\",\"url\":\"https:\\\/\\\/kayakbaie-morlaix.ddns.net\\\/\",\"name\":\"kayak de mer ... au fil de l'estuaire\",\"description\":\"Un site pour la d\u00e9couverte et le perfectionnement en kayak de mer\",\"publisher\":{\"@id\":\"https:\\\/\\\/kayakbaie-morlaix.ddns.net\\\/#\\\/schema\\\/person\\\/a524def8f2967b4e8b2e9e5fec614d7e\"},\"potentialAction\":[{\"@type\":\"SearchAction\",\"target\":{\"@type\":\"EntryPoint\",\"urlTemplate\":\"https:\\\/\\\/kayakbaie-morlaix.ddns.net\\\/?s={search_term_string}\"},\"query-input\":{\"@type\":\"PropertyValueSpecification\",\"valueRequired\":true,\"valueName\":\"search_term_string\"}}],\"inLanguage\":\"fr-FR\"},{\"@type\":[\"Person\",\"Organization\"],\"@id\":\"https:\\\/\\\/kayakbaie-morlaix.ddns.net\\\/#\\\/schema\\\/person\\\/a524def8f2967b4e8b2e9e5fec614d7e\",\"name\":\"nicokayak\",\"image\":{\"@type\":\"ImageObject\",\"inLanguage\":\"fr-FR\",\"@id\":\"https:\\\/\\\/kayakbaie-morlaix.ddns.net\\\/wp-content\\\/uploads\\\/2021\\\/06\\\/derniere_version__miplein_format_carte_visite2.jpg\",\"url\":\"https:\\\/\\\/kayakbaie-morlaix.ddns.net\\\/wp-content\\\/uploads\\\/2021\\\/06\\\/derniere_version__miplein_format_carte_visite2.jpg\",\"contentUrl\":\"https:\\\/\\\/kayakbaie-morlaix.ddns.net\\\/wp-content\\\/uploads\\\/2021\\\/06\\\/derniere_version__miplein_format_carte_visite2.jpg\",\"width\":988,\"height\":809,\"caption\":\"nicokayak\"},\"logo\":{\"@id\":\"https:\\\/\\\/kayakbaie-morlaix.ddns.net\\\/wp-content\\\/uploads\\\/2021\\\/06\\\/derniere_version__miplein_format_carte_visite2.jpg\"},\"sameAs\":[\"http:\\\/\\\/photosbj.ddns.net\\\/wordpress\",\"https:\\\/\\\/x.com\\\/nicokayak29\"]}]}<\/script>\n<!-- \/ Yoast SEO plugin. -->","yoast_head_json":{"title":"kayak de mer ... au fil de l&#039;estuaire &#8211; % %Kayak de mer","description":"kayak de mer ... au fil de l&#039;estuaire % navigation en Kayak de mer en baie de Morlaix","robots":{"index":"index","follow":"follow","max-snippet":"max-snippet:-1","max-image-preview":"max-image-preview:large","max-video-preview":"max-video-preview:-1"},"canonical":"https:\/\/kayakbaie-morlaix.ddns.net\/index.php\/kayak-de-mer\/","og_locale":"fr_FR","og_type":"article","og_title":"kayak de mer ... au fil de l&#039;estuaire &#8211; % %Kayak de mer","og_description":"kayak de mer ... au fil de l&#039;estuaire % navigation en Kayak de mer en baie de Morlaix","og_url":"https:\/\/kayakbaie-morlaix.ddns.net\/index.php\/kayak-de-mer\/","og_site_name":"kayak de mer ... au fil de l&#039;estuaire","article_modified_time":"2026-03-28T14:31:18+00:00","og_image":[{"width":2560,"height":924,"url":"https:\/\/kayakbaie-morlaix.ddns.net\/wp-content\/uploads\/2026\/01\/1762688342931-scaled.jpg","type":"image\/jpeg"}],"twitter_card":"summary_large_image","twitter_site":"@nicokayak29","twitter_misc":{"Dur\u00e9e de lecture estim\u00e9e":"2 minutes"},"schema":{"@context":"https:\/\/schema.org","@graph":[{"@type":"WebPage","@id":"https:\/\/kayakbaie-morlaix.ddns.net\/index.php\/kayak-de-mer\/","url":"https:\/\/kayakbaie-morlaix.ddns.net\/index.php\/kayak-de-mer\/","name":"kayak de mer ... au fil de l&#039;estuaire &#8211; % %Kayak de mer","isPartOf":{"@id":"https:\/\/kayakbaie-morlaix.ddns.net\/#website"},"primaryImageOfPage":{"@id":"https:\/\/kayakbaie-morlaix.ddns.net\/index.php\/kayak-de-mer\/#primaryimage"},"image":{"@id":"https:\/\/kayakbaie-morlaix.ddns.net\/index.php\/kayak-de-mer\/#primaryimage"},"thumbnailUrl":"https:\/\/kayakbaie-morlaix.ddns.net\/wp-content\/uploads\/2026\/01\/1762688342931-1024x370.jpg","datePublished":"2025-12-27T17:38:12+00:00","dateModified":"2026-03-28T14:31:18+00:00","description":"kayak de mer ... au fil de l&#039;estuaire % navigation en Kayak de mer en baie de Morlaix","breadcrumb":{"@id":"https:\/\/kayakbaie-morlaix.ddns.net\/index.php\/kayak-de-mer\/#breadcrumb"},"inLanguage":"fr-FR","potentialAction":[{"@type":"ReadAction","target":["https:\/\/kayakbaie-morlaix.ddns.net\/index.php\/kayak-de-mer\/"]}]},{"@type":"ImageObject","inLanguage":"fr-FR","@id":"https:\/\/kayakbaie-morlaix.ddns.net\/index.php\/kayak-de-mer\/#primaryimage","url":"https:\/\/kayakbaie-morlaix.ddns.net\/wp-content\/uploads\/2026\/01\/1762688342931-scaled.jpg","contentUrl":"https:\/\/kayakbaie-morlaix.ddns.net\/wp-content\/uploads\/2026\/01\/1762688342931-scaled.jpg","width":2560,"height":924},{"@type":"BreadcrumbList","@id":"https:\/\/kayakbaie-morlaix.ddns.net\/index.php\/kayak-de-mer\/#breadcrumb","itemListElement":[{"@type":"ListItem","position":1,"name":"Accueil","item":"https:\/\/kayakbaie-morlaix.ddns.net\/"},{"@type":"ListItem","position":2,"name":"Kayak de mer"}]},{"@type":"WebSite","@id":"https:\/\/kayakbaie-morlaix.ddns.net\/#website","url":"https:\/\/kayakbaie-morlaix.ddns.net\/","name":"kayak de mer ... au fil de l'estuaire","description":"Un site pour la d\u00e9couverte et le perfectionnement en kayak de mer","publisher":{"@id":"https:\/\/kayakbaie-morlaix.ddns.net\/#\/schema\/person\/a524def8f2967b4e8b2e9e5fec614d7e"},"potentialAction":[{"@type":"SearchAction","target":{"@type":"EntryPoint","urlTemplate":"https:\/\/kayakbaie-morlaix.ddns.net\/?s={search_term_string}"},"query-input":{"@type":"PropertyValueSpecification","valueRequired":true,"valueName":"search_term_string"}}],"inLanguage":"fr-FR"},{"@type":["Person","Organization"],"@id":"https:\/\/kayakbaie-morlaix.ddns.net\/#\/schema\/person\/a524def8f2967b4e8b2e9e5fec614d7e","name":"nicokayak","image":{"@type":"ImageObject","inLanguage":"fr-FR","@id":"https:\/\/kayakbaie-morlaix.ddns.net\/wp-content\/uploads\/2021\/06\/derniere_version__miplein_format_carte_visite2.jpg","url":"https:\/\/kayakbaie-morlaix.ddns.net\/wp-content\/uploads\/2021\/06\/derniere_version__miplein_format_carte_visite2.jpg","contentUrl":"https:\/\/kayakbaie-morlaix.ddns.net\/wp-content\/uploads\/2021\/06\/derniere_version__miplein_format_carte_visite2.jpg","width":988,"height":809,"caption":"nicokayak"},"logo":{"@id":"https:\/\/kayakbaie-morlaix.ddns.net\/wp-content\/uploads\/2021\/06\/derniere_version__miplein_format_carte_visite2.jpg"},"sameAs":["http:\/\/photosbj.ddns.net\/wordpress","https:\/\/x.com\/nicokayak29"]}]}},"_links":{"self":[{"href":"https:\/\/kayakbaie-morlaix.ddns.net\/index.php\/wp-json\/wp\/v2\/pages\/358","targetHints":{"allow":["GET"]}}],"collection":[{"href":"https:\/\/kayakbaie-morlaix.ddns.net\/index.php\/wp-json\/wp\/v2\/pages"}],"about":[{"href":"https:\/\/kayakbaie-morlaix.ddns.net\/index.php\/wp-json\/wp\/v2\/types\/page"}],"author":[{"embeddable":true,"href":"https:\/\/kayakbaie-morlaix.ddns.net\/index.php\/wp-json\/wp\/v2\/users\/1"}],"replies":[{"embeddable":true,"href":"https:\/\/kayakbaie-morlaix.ddns.net\/index.php\/wp-json\/wp\/v2\/comments?post=358"}],"version-history":[{"count":91,"href":"https:\/\/kayakbaie-morlaix.ddns.net\/index.php\/wp-json\/wp\/v2\/pages\/358\/revisions"}],"predecessor-version":[{"id":1390,"href":"https:\/\/kayakbaie-morlaix.ddns.net\/index.php\/wp-json\/wp\/v2\/pages\/358\/revisions\/1390"}],"wp:attachment":[{"href":"https:\/\/kayakbaie-morlaix.ddns.net\/index.php\/wp-json\/wp\/v2\/media?parent=358"}],"curies":[{"name":"wp","href":"https:\/\/api.w.org\/{rel}","templated":true}]}}